{"id":8,"date":"2020-04-28T08:05:28","date_gmt":"2020-04-28T07:05:28","guid":{"rendered":"http:\/\/www.gastklubben.se\/?page_id=8"},"modified":"2023-04-24T13:55:29","modified_gmt":"2023-04-24T12:55:29","slug":"medlemsformaner","status":"publish","type":"page","link":"https:\/\/www.gastklubben.se\/?page_id=8","title":{"rendered":"Medlemsf\u00f6rm\u00e5ner"},"content":{"rendered":"\t\t<div data-elementor-type=\"wp-page\" data-elementor-id=\"8\" class=\"elementor elementor-8\">\n\t\t\t\t\t\t<section class=\"elementor-section elementor-top-section elementor-element elementor-element-5937b720 elementor-section-boxed elementor-section-height-default elementor-section-height-default\" data-id=\"5937b720\" data-element_type=\"section\">\n\t\t\t\t\t\t<div class=\"elementor-container elementor-column-gap-default\">\n\t\t\t\t\t<div class=\"elementor-column elementor-col-100 elementor-top-column elementor-element elementor-element-4cc7574c\" data-id=\"4cc7574c\" data-element_type=\"column\">\n\t\t\t<div class=\"elementor-widget-wrap elementor-element-populated\">\n\t\t\t\t\t\t<div class=\"elementor-element elementor-element-4b9f96ab elementor-widget elementor-widget-text-editor\" data-id=\"4b9f96ab\" data-element_type=\"widget\" data-widget_type=\"text-editor.default\">\n\t\t\t\t<div class=\"elementor-widget-container\">\n\t\t\t\t\t\t\t\t\t\n<p>N\u00e4r du ger g\u00e4stklubben f\u00f6rm\u00e5nen att f\u00e5 v\u00e4lkomna tillbaka dig till dem, vill de g\u00e4rna f\u00e5 dig att k\u00e4nna dig utvald. Ju mer du bor hos g\u00e4stklubben, desto mer privilegierad g\u00e4st blir du, och ju b\u00e4ttre f\u00f6rm\u00e5ner och erbjudanden n\u00e5r dig! Du f\u00e5r f\u00f6rm\u00e5ner n\u00e4r du bor f\u00f6r aff\u00e4rslogi p\u00e5 deras hotell och f\u00e5r dessutom tillg\u00e5ng till rabatter och andra erbjudanden p\u00e5 deras hotell och hos deras samarbetspartners.<\/p>\n\n<p>Som g\u00e4st f\u00e5r du olika f\u00f6rm\u00e5ner beroende p\u00e5 vilken po\u00e4ngniv\u00e5 du n\u00e5tt upp till. G\u00e4stklubben VVV \u00e4r indelad i tre niv\u00e5er: Veni, Vidi och Vici. Niv\u00e5n styrs av antalet po\u00e4ng som du samlar in under ett kalender\u00e5r. 1 po\u00e4ng motsvarar 1 spenderad krona i samband med \u00f6vernattning. Po\u00e4ngen kan sedan anv\u00e4ndas f\u00f6r inl\u00f6sen av bonus\u00f6vernattningar, paketerbjudande och produkter. Intj\u00e4nade po\u00e4ng \u00e4r giltiga intj\u00e4nande\u00e5ret + ett \u00e5r. Nedan f\u00f6ljer n\u00e5gra exempel p\u00e5 f\u00f6rm\u00e5ner som du f\u00e5r som stamg\u00e4st inom G\u00e4stklubben VVV:<\/p>\n\n<p>\u00a0<\/p>\n\t\t\t\t\t\t\t\t<\/div>\n\t\t\t\t<\/div>\n\t\t\t\t\t<\/div>\n\t\t<\/div>\n\t\t\t\t\t<\/div>\n\t\t<\/section>\n\t\t\t\t<section class=\"elementor-section elementor-top-section elementor-element elementor-element-ac7e03c elementor-section-boxed elementor-section-height-default elementor-section-height-default\" data-id=\"ac7e03c\" data-element_type=\"section\">\n\t\t\t\t\t\t<div class=\"elementor-container elementor-column-gap-default\">\n\t\t\t\t\t<div class=\"elementor-column elementor-col-100 elementor-top-column elementor-element elementor-element-8498e4f\" data-id=\"8498e4f\" data-element_type=\"column\">\n\t\t\t<div class=\"elementor-widget-wrap elementor-element-populated\">\n\t\t\t\t\t\t<div class=\"elementor-element elementor-element-da4d17e elementor-widget elementor-widget-text-editor\" data-id=\"da4d17e\" data-element_type=\"widget\" data-widget_type=\"text-editor.default\">\n\t\t\t\t<div class=\"elementor-widget-container\">\n\t\t\t\t\t\t\t\t\t<ul>\n<li>Prioriterad plats p\u00e5 v\u00e4ntelista och dubbla po\u00e4ng p\u00e5 s\u00f6ndagar<\/li>\n<li>Bonuserbjudanden<\/li>\n<li>Rabatter p\u00e5 samarbetspartners. Kan vara allt fr\u00e5n rabatt p\u00e5 <a href=\"http:\/\/adbildelar.se\">bildelar<\/a> till kuddar.\u00a0<\/li>\n<li>V\u00e4rdekupong vid varje \u00f6vernattning f\u00f6r erbjudanden p\u00e5 hotellet<\/li>\n<li>I deras &#8220;Webshop&#8221; p\u00e5 Internet finner du m\u00e5nga attraktiva produkter som st\u00e4ndigt f\u00f6rnyas\u00a0<\/li>\n<\/ul>\n<p><!-- \/wp:list --><!-- wp:paragraph --><\/p>\t\t\t\t\t\t\t\t<\/div>\n\t\t\t\t<\/div>\n\t\t\t\t\t<\/div>\n\t\t<\/div>\n\t\t\t\t\t<\/div>\n\t\t<\/section>\n\t\t\t\t<section class=\"elementor-section elementor-top-section elementor-element elementor-element-6c22066 elementor-section-boxed elementor-section-height-default elementor-section-height-default\" data-id=\"6c22066\" data-element_type=\"section\">\n\t\t\t\t\t\t<div class=\"elementor-container elementor-column-gap-default\">\n\t\t\t\t\t<div class=\"elementor-column elementor-col-100 elementor-top-column elementor-element elementor-element-50a15fc\" data-id=\"50a15fc\" data-element_type=\"column\">\n\t\t\t<div class=\"elementor-widget-wrap elementor-element-populated\">\n\t\t\t\t\t\t<div class=\"elementor-element elementor-element-20b35c3 elementor-widget elementor-widget-text-editor\" data-id=\"20b35c3\" data-element_type=\"widget\" data-widget_type=\"text-editor.default\">\n\t\t\t\t<div class=\"elementor-widget-container\">\n\t\t\t\t\t\t\t\t\t<p><!-- \/wp:paragraph --><!-- wp:paragraph --><\/p>\n<p>Varmt v\u00e4lkommen till G\u00e4stklubben!<\/p>\t\t\t\t\t\t\t\t<\/div>\n\t\t\t\t<\/div>\n\t\t\t\t\t<\/div>\n\t\t<\/div>\n\t\t\t\t\t<\/div>\n\t\t<\/section>\n\t\t\t\t<section class=\"elementor-section elementor-top-section elementor-element elementor-element-7b027a6 elementor-section-boxed elementor-section-height-default elementor-section-height-default\" data-id=\"7b027a6\" data-element_type=\"section\">\n\t\t\t\t\t\t<div class=\"elementor-container elementor-column-gap-default\">\n\t\t\t\t\t<div class=\"elementor-column elementor-col-100 elementor-top-column elementor-element elementor-element-182b1c0\" data-id=\"182b1c0\" data-element_type=\"column\">\n\t\t\t<div class=\"elementor-widget-wrap elementor-element-populated\">\n\t\t\t\t\t\t<div class=\"elementor-element elementor-element-f2057d2 elementor-widget elementor-widget-text-editor\" data-id=\"f2057d2\" data-element_type=\"widget\" data-widget_type=\"text-editor.default\">\n\t\t\t\t<div class=\"elementor-widget-container\">\n\t\t\t\t\t\t\t\t\t<p>*Kontrollera alltid med g\u00e4stklubben eller hotellen innan f\u00f6r att se om dessa erbjudanden fortfarande g\u00e4ller. Detta \u00e4r en sida om g\u00e4stklubben ej en sida av g\u00e4stklubben.\u00a0<\/p>\t\t\t\t\t\t\t\t<\/div>\n\t\t\t\t<\/div>\n\t\t\t\t\t<\/div>\n\t\t<\/div>\n\t\t\t\t\t<\/div>\n\t\t<\/section>\n\t\t\t\t<\/div>\n\t\t","protected":false},"excerpt":{"rendered":"<p>N\u00e4r du ger g\u00e4stklubben f\u00f6rm\u00e5nen att f\u00e5 v\u00e4lkomna tillbaka dig till dem, vill de g\u00e4rna f\u00e5 dig att k\u00e4nna dig utvald. Ju mer du bor hos g\u00e4stklubben, desto mer privilegierad g\u00e4st blir du, och ju b\u00e4ttre f\u00f6rm\u00e5ner och erbjudanden n\u00e5r dig! Du f\u00e5r f\u00f6rm\u00e5ner n\u00e4r du bor f\u00f6r aff\u00e4rslogi p\u00e5 deras hotell och f\u00e5r dessutom tillg\u00e5ng till rabatter och andra erbjudanden p\u00e5 deras hotell och hos deras samarbetspartners. Som g\u00e4st f\u00e5r du olika f\u00f6rm\u00e5ner beroende p\u00e5 vilken po\u00e4ngniv\u00e5 du n\u00e5tt upp till. G\u00e4stklubben VVV \u00e4r indelad i tre niv\u00e5er: Veni, Vidi och Vici. Niv\u00e5n styrs av antalet po\u00e4ng som du samlar in under ett kalender\u00e5r. 1 po\u00e4ng motsvarar 1 spenderad krona i samband med \u00f6vernattning. Po\u00e4ngen kan sedan anv\u00e4ndas f\u00f6r inl\u00f6sen av bonus\u00f6vernattningar, paketerbjudande och produkter. Intj\u00e4nade po\u00e4ng \u00e4r giltiga intj\u00e4nande\u00e5ret + ett \u00e5r. Nedan f\u00f6ljer n\u00e5gra exempel p\u00e5 f\u00f6rm\u00e5ner som du f\u00e5r som stamg\u00e4st inom G\u00e4stklubben VVV: \u00a0 Prioriterad plats p\u00e5 v\u00e4ntelista och dubbla po\u00e4ng p\u00e5 s\u00f6ndagar Bonuserbjudanden Rabatter p\u00e5 samarbetspartners. Kan vara allt fr\u00e5n rabatt p\u00e5 bildelar till kuddar.\u00a0 V\u00e4rdekupong vid varje \u00f6vernattning f\u00f6r erbjudanden p\u00e5 hotellet I deras &#8220;Webshop&#8221; p\u00e5 Internet finner du m\u00e5nga attraktiva produkter som st\u00e4ndigt f\u00f6rnyas\u00a0 Varmt v\u00e4lkommen till G\u00e4stklubben!*Kontrollera alltid med g\u00e4stklubben eller hotellen innan f\u00f6r att se om dessa erbjudanden fortfarande g\u00e4ller. Detta \u00e4r en sida om g\u00e4stklubben ej en sida av g\u00e4stklubben.\u00a0<\/p>\n","protected":false},"author":1,"featured_media":0,"parent":0,"menu_order":0,"comment_status":"closed","ping_status":"closed","template":"","meta":{"footnotes":""},"_links":{"self":[{"href":"https:\/\/www.gastklubben.se\/index.php?rest_route=\/wp\/v2\/pages\/8"}],"collection":[{"href":"https:\/\/www.gastklubben.se\/index.php?rest_route=\/wp\/v2\/pages"}],"about":[{"href":"https:\/\/www.gastklubben.se\/index.php?rest_route=\/wp\/v2\/types\/page"}],"author":[{"embeddable":true,"href":"https:\/\/www.gastklubben.se\/index.php?rest_route=\/wp\/v2\/users\/1"}],"replies":[{"embeddable":true,"href":"https:\/\/www.gastklubben.se\/index.php?rest_route=%2Fwp%2Fv2%2Fcomments&post=8"}],"version-history":[{"count":7,"href":"https:\/\/www.gastklubben.se\/index.php?rest_route=\/wp\/v2\/pages\/8\/revisions"}],"predecessor-version":[{"id":119,"href":"https:\/\/www.gastklubben.se\/index.php?rest_route=\/wp\/v2\/pages\/8\/revisions\/119"}],"wp:attachment":[{"href":"https:\/\/www.gastklubben.se\/index.php?rest_route=%2Fwp%2Fv2%2Fmedia&parent=8"}],"curies":[{"name":"wp","href":"https:\/\/api.w.org\/{rel}","templated":true}]}}