{"id":6,"date":"2020-04-28T08:03:20","date_gmt":"2020-04-28T07:03:20","guid":{"rendered":"http:\/\/www.gastklubben.se\/?page_id=6"},"modified":"2020-04-28T10:50:22","modified_gmt":"2020-04-28T09:50:22","slug":"om-gastklubben","status":"publish","type":"page","link":"https:\/\/www.gastklubben.se\/?page_id=6","title":{"rendered":"Om g\u00e4stklubben"},"content":{"rendered":"\t\t<div data-elementor-type=\"wp-page\" data-elementor-id=\"6\" class=\"elementor elementor-6\">\n\t\t\t\t\t\t<section class=\"elementor-section elementor-top-section elementor-element elementor-element-12d71d7 elementor-section-boxed elementor-section-height-default elementor-section-height-default\" data-id=\"12d71d7\" data-element_type=\"section\">\n\t\t\t\t\t\t<div class=\"elementor-container elementor-column-gap-default\">\n\t\t\t\t\t<div class=\"elementor-column elementor-col-100 elementor-top-column elementor-element elementor-element-640a526\" data-id=\"640a526\" data-element_type=\"column\">\n\t\t\t<div class=\"elementor-widget-wrap elementor-element-populated\">\n\t\t\t\t\t\t<div class=\"elementor-element elementor-element-33fd0b5 elementor-widget elementor-widget-heading\" data-id=\"33fd0b5\" data-element_type=\"widget\" data-widget_type=\"heading.default\">\n\t\t\t\t<div class=\"elementor-widget-container\">\n\t\t\t\t\t<h2 class=\"elementor-heading-title elementor-size-default\">Samla po\u00e4ng n\u00e4r du sover!<\/h2>\t\t\t\t<\/div>\n\t\t\t\t<\/div>\n\t\t\t\t\t<\/div>\n\t\t<\/div>\n\t\t\t\t\t<\/div>\n\t\t<\/section>\n\t\t\t\t<section class=\"elementor-section elementor-top-section elementor-element elementor-element-732581af elementor-section-boxed elementor-section-height-default elementor-section-height-default\" data-id=\"732581af\" data-element_type=\"section\">\n\t\t\t\t\t\t<div class=\"elementor-container elementor-column-gap-default\">\n\t\t\t\t\t<div class=\"elementor-column elementor-col-100 elementor-top-column elementor-element elementor-element-5a8c29e2\" data-id=\"5a8c29e2\" data-element_type=\"column\">\n\t\t\t<div class=\"elementor-widget-wrap elementor-element-populated\">\n\t\t\t\t\t\t<div class=\"elementor-element elementor-element-79b7d3c4 elementor-widget elementor-widget-text-editor\" data-id=\"79b7d3c4\" data-element_type=\"widget\" data-widget_type=\"text-editor.default\">\n\t\t\t\t<div class=\"elementor-widget-container\">\n\t\t\t\t\t\t\t\t\t\n<p>G\u00e4stklubbens hotell \u00e4r alla privat\u00e4gda vilket g\u00f6r att varje hotell har sin egen pr\u00e4gel och stil, allt f\u00f6r att du skall trivas.<\/p>\n\n<p>Medlem i G\u00e4stklubben VVV blir du genom att fylla i en ans\u00f6kan direkt p\u00e5 hotellet i samband med din \u00f6vernattning. Be personalen p\u00e5 hotellet om ett ans\u00f6kningsformul\u00e4r s\u00e5 hj\u00e4lper de dig.<\/p>\n\n<p>G\u00e4stklubben VVV har tre niv\u00e5er, Veni, Vidi och Vici. S\u00e5 fort du blivit medlem (Veni-kortet) och samlat ihop tillr\u00e4ckligt med po\u00e4ng kan du boka en bonus\u00f6vernattning, ett paketerbjudande eller handla varor i g\u00e4stklubbens Medlemsshop. Du f\u00e5r dessutom tillg\u00e5ng till rabatter och andra erbjudanden p\u00e5 v\u00e5ra hotell och hos g\u00e4stklubbens samarbetspartners.<\/p>\n\n<p>Vill du veta mer om G\u00e4stklubben VVV \u00e4r du v\u00e4lkommen att se dig runt h\u00e4r p\u00e5 dessa sidor.<\/p>\n\n<p><strong><br \/>G\u00e4stklubben VVV &#8211; S\u00e4tter dig i f\u00f6rsta rummet!<\/strong><\/p>\n\t\t\t\t\t\t\t\t<\/div>\n\t\t\t\t<\/div>\n\t\t\t\t\t<\/div>\n\t\t<\/div>\n\t\t\t\t\t<\/div>\n\t\t<\/section>\n\t\t\t\t<\/div>\n\t\t","protected":false},"excerpt":{"rendered":"<p>Samla po\u00e4ng n\u00e4r du sover! G\u00e4stklubbens hotell \u00e4r alla privat\u00e4gda vilket g\u00f6r att varje hotell har sin egen pr\u00e4gel och stil, allt f\u00f6r att du skall trivas. Medlem i G\u00e4stklubben VVV blir du genom att fylla i en ans\u00f6kan direkt p\u00e5 hotellet i samband med din \u00f6vernattning. Be personalen p\u00e5 hotellet om ett ans\u00f6kningsformul\u00e4r s\u00e5 hj\u00e4lper de dig. G\u00e4stklubben VVV har tre niv\u00e5er, Veni, Vidi och Vici. S\u00e5 fort du blivit medlem (Veni-kortet) och samlat ihop tillr\u00e4ckligt med po\u00e4ng kan du boka en bonus\u00f6vernattning, ett paketerbjudande eller handla varor i g\u00e4stklubbens Medlemsshop. Du f\u00e5r dessutom tillg\u00e5ng till rabatter och andra erbjudanden p\u00e5 v\u00e5ra hotell och hos g\u00e4stklubbens samarbetspartners. Vill du veta mer om G\u00e4stklubben VVV \u00e4r du v\u00e4lkommen att se dig runt h\u00e4r p\u00e5 dessa sidor. G\u00e4stklubben VVV &#8211; S\u00e4tter dig i f\u00f6rsta rummet!<\/p>\n","protected":false},"author":1,"featured_media":0,"parent":0,"menu_order":0,"comment_status":"closed","ping_status":"closed","template":"","meta":{"footnotes":""},"_links":{"self":[{"href":"https:\/\/www.gastklubben.se\/index.php?rest_route=\/wp\/v2\/pages\/6"}],"collection":[{"href":"https:\/\/www.gastklubben.se\/index.php?rest_route=\/wp\/v2\/pages"}],"about":[{"href":"https:\/\/www.gastklubben.se\/index.php?rest_route=\/wp\/v2\/types\/page"}],"author":[{"embeddable":true,"href":"https:\/\/www.gastklubben.se\/index.php?rest_route=\/wp\/v2\/users\/1"}],"replies":[{"embeddable":true,"href":"https:\/\/www.gastklubben.se\/index.php?rest_route=%2Fwp%2Fv2%2Fcomments&post=6"}],"version-history":[{"count":2,"href":"https:\/\/www.gastklubben.se\/index.php?rest_route=\/wp\/v2\/pages\/6\/revisions"}],"predecessor-version":[{"id":45,"href":"https:\/\/www.gastklubben.se\/index.php?rest_route=\/wp\/v2\/pages\/6\/revisions\/45"}],"wp:attachment":[{"href":"https:\/\/www.gastklubben.se\/index.php?rest_route=%2Fwp%2Fv2%2Fmedia&parent=6"}],"curies":[{"name":"wp","href":"https:\/\/api.w.org\/{rel}","templated":true}]}}