{"id":12,"date":"2020-04-28T08:18:52","date_gmt":"2020-04-28T07:18:52","guid":{"rendered":"http:\/\/www.gastklubben.se\/?page_id=12"},"modified":"2021-10-07T09:02:20","modified_gmt":"2021-10-07T08:02:20","slug":"poang","status":"publish","type":"page","link":"https:\/\/www.gastklubben.se\/?page_id=12","title":{"rendered":"Po\u00e4ng"},"content":{"rendered":"\t\t<div data-elementor-type=\"wp-page\" data-elementor-id=\"12\" class=\"elementor elementor-12\">\n\t\t\t\t\t\t<section class=\"elementor-section elementor-top-section elementor-element elementor-element-0c58c91 elementor-section-boxed elementor-section-height-default elementor-section-height-default\" data-id=\"0c58c91\" data-element_type=\"section\">\n\t\t\t\t\t\t<div class=\"elementor-container elementor-column-gap-default\">\n\t\t\t\t\t<div class=\"elementor-column elementor-col-100 elementor-top-column elementor-element elementor-element-2f64198\" data-id=\"2f64198\" data-element_type=\"column\">\n\t\t\t<div class=\"elementor-widget-wrap elementor-element-populated\">\n\t\t\t\t\t\t<div class=\"elementor-element elementor-element-29ddfe1 elementor-widget elementor-widget-heading\" data-id=\"29ddfe1\" data-element_type=\"widget\" data-widget_type=\"heading.default\">\n\t\t\t\t<div class=\"elementor-widget-container\">\n\t\t\t\t\t<h2 class=\"elementor-heading-title elementor-size-default\">Samla po\u00e4ng<\/h2>\t\t\t\t<\/div>\n\t\t\t\t<\/div>\n\t\t\t\t\t<\/div>\n\t\t<\/div>\n\t\t\t\t\t<\/div>\n\t\t<\/section>\n\t\t\t\t<section class=\"elementor-section elementor-top-section elementor-element elementor-element-59291aab elementor-section-boxed elementor-section-height-default elementor-section-height-default\" data-id=\"59291aab\" data-element_type=\"section\">\n\t\t\t\t\t\t<div class=\"elementor-container elementor-column-gap-default\">\n\t\t\t\t\t<div class=\"elementor-column elementor-col-100 elementor-top-column elementor-element elementor-element-424c44b0\" data-id=\"424c44b0\" data-element_type=\"column\">\n\t\t\t<div class=\"elementor-widget-wrap elementor-element-populated\">\n\t\t\t\t\t\t<div class=\"elementor-element elementor-element-46ea714f elementor-widget elementor-widget-text-editor\" data-id=\"46ea714f\" data-element_type=\"widget\" data-widget_type=\"text-editor.default\">\n\t\t\t\t<div class=\"elementor-widget-container\">\n\t\t\t\t\t\t\t\t\t\n<p><strong>Ans\u00f6kan om medlemskap g\u00f6r du direkt hos hotellet i samband med din \u00f6vernattning.<\/strong><\/p>\n\n\n\n<ul><li>En krona = en po\u00e4ng. Du f\u00e5r po\u00e4ng p\u00e5 allt! Varje krona du betalar vid din vistelse p\u00e5 hotellet ger po\u00e4ng. F\u00f6rutom din logikostnad f\u00e5r du ocks\u00e5 po\u00e4ng p\u00e5 det du spenderar i restaurang och p\u00e5 \u00f6vriga hotelltj\u00e4nster.<\/li><li>Dina f\u00f6rm\u00e5ner som stamg\u00e4st g\u00e4ller vid betalning av ordinarie pris (ej weekend eller specialpris).<\/li><li>Vid konferensboende f\u00e5r du alltid 900 po\u00e4ng per natt och rum.<\/li><li>Visa ditt kort vid incheckningen och uppge kortnummer varje g\u00e5ng du bokar rum. D\u00e5 g\u00e5r du inte miste om n\u00e5gra po\u00e4ng.<\/li><li>Ditt medlemskort m\u00e5ste dras i hotellets kortl\u00e4sare n\u00e4r du checkar ut.<\/li><li>Bonuspo\u00e4ngen registreras sedan p\u00e5 ditt konto 3-7 dagar efter utcheckning.<\/li><li>N\u00e4r du n\u00e5tt upp till 20 000 po\u00e4ng p\u00e5 ett kalender\u00e5r blir du uppgraderad till Vidi-medlem. Vid 55 000 po\u00e4ng kommer du h\u00f6gst upp i trappan och blir Vici-medlem.<\/li><li>Intj\u00e4nade po\u00e4ng \u00e4r giltiga under innevarande \u00e5r och f\u00f6ljande kalender\u00e5r, dvs de po\u00e4ng du tj\u00e4nar in under \u00e5r 2010 g\u00e4ller t o m 31 december 2011. Gl\u00f6m inte att sj\u00e4lv kontrollera n\u00e4r dina po\u00e4ng f\u00f6rfaller.<\/li><\/ul>\n\n\n\n<p><\/p>\n\t\t\t\t\t\t\t\t<\/div>\n\t\t\t\t<\/div>\n\t\t\t\t\t<\/div>\n\t\t<\/div>\n\t\t\t\t\t<\/div>\n\t\t<\/section>\n\t\t\t\t<section class=\"elementor-section elementor-top-section elementor-element elementor-element-5ba22ab elementor-section-boxed elementor-section-height-default elementor-section-height-default\" data-id=\"5ba22ab\" data-element_type=\"section\">\n\t\t\t\t\t\t<div class=\"elementor-container elementor-column-gap-default\">\n\t\t\t\t\t<div class=\"elementor-column elementor-col-100 elementor-top-column elementor-element elementor-element-1bd7b2d\" data-id=\"1bd7b2d\" data-element_type=\"column\">\n\t\t\t<div class=\"elementor-widget-wrap elementor-element-populated\">\n\t\t\t\t\t\t<div class=\"elementor-element elementor-element-f88b862 elementor-widget elementor-widget-spacer\" data-id=\"f88b862\" data-element_type=\"widget\" data-widget_type=\"spacer.default\">\n\t\t\t\t<div class=\"elementor-widget-container\">\n\t\t\t\t\t\t\t<div class=\"elementor-spacer\">\n\t\t\t<div class=\"elementor-spacer-inner\"><\/div>\n\t\t<\/div>\n\t\t\t\t\t\t<\/div>\n\t\t\t\t<\/div>\n\t\t\t\t\t<\/div>\n\t\t<\/div>\n\t\t\t\t\t<\/div>\n\t\t<\/section>\n\t\t\t\t<section class=\"elementor-section elementor-top-section elementor-element elementor-element-7b790a7 elementor-section-boxed elementor-section-height-default elementor-section-height-default\" data-id=\"7b790a7\" data-element_type=\"section\">\n\t\t\t\t\t\t<div class=\"elementor-container elementor-column-gap-default\">\n\t\t\t\t\t<div class=\"elementor-column elementor-col-100 elementor-top-column elementor-element elementor-element-90383fe\" data-id=\"90383fe\" data-element_type=\"column\">\n\t\t\t<div class=\"elementor-widget-wrap elementor-element-populated\">\n\t\t\t\t\t\t<div class=\"elementor-element elementor-element-6d06640 elementor-widget elementor-widget-heading\" data-id=\"6d06640\" data-element_type=\"widget\" data-widget_type=\"heading.default\">\n\t\t\t\t<div class=\"elementor-widget-container\">\n\t\t\t\t\t<h2 class=\"elementor-heading-title elementor-size-default\">Anv\u00e4nda po\u00e4ng<\/h2>\t\t\t\t<\/div>\n\t\t\t\t<\/div>\n\t\t\t\t\t<\/div>\n\t\t<\/div>\n\t\t\t\t\t<\/div>\n\t\t<\/section>\n\t\t\t\t<section class=\"elementor-section elementor-top-section elementor-element elementor-element-4fe577b elementor-section-boxed elementor-section-height-default elementor-section-height-default\" data-id=\"4fe577b\" data-element_type=\"section\">\n\t\t\t\t\t\t<div class=\"elementor-container elementor-column-gap-default\">\n\t\t\t\t\t<div class=\"elementor-column elementor-col-100 elementor-top-column elementor-element elementor-element-f8c26db\" data-id=\"f8c26db\" data-element_type=\"column\">\n\t\t\t<div class=\"elementor-widget-wrap elementor-element-populated\">\n\t\t\t\t\t\t<div class=\"elementor-element elementor-element-0c9a177 elementor-widget elementor-widget-text-editor\" data-id=\"0c9a177\" data-element_type=\"widget\" data-widget_type=\"text-editor.default\">\n\t\t\t\t<div class=\"elementor-widget-container\">\n\t\t\t\t\t\t\t\t\t<p>F\u00f6r dig som reser mycket vill g\u00e4stklubben ge extra mycket bonus f\u00f6r dina po\u00e4ng! Som medlem i G\u00e4stklubben VVV har du tillg\u00e5ng till en m\u00e4ngd attraktiva m\u00f6jligheter att utnyttja dina intj\u00e4nade bonuspo\u00e4ng! Du kan t.ex. skicka blommor via <a href=\"http:\/\/skickablommordirekt.se\/\">skickablommordirekt<\/a> eller v\u00e4lja ett g\u00e5vokort ifr\u00e5n <a href=\"https:\/\/g\u00e5vokort.net\">g\u00e5vokort.net<\/a><\/p>\t\t\t\t\t\t\t\t<\/div>\n\t\t\t\t<\/div>\n\t\t\t\t\t<\/div>\n\t\t<\/div>\n\t\t\t\t\t<\/div>\n\t\t<\/section>\n\t\t\t\t<section class=\"elementor-section elementor-top-section elementor-element elementor-element-af0c40b elementor-section-boxed elementor-section-height-default elementor-section-height-default\" data-id=\"af0c40b\" data-element_type=\"section\">\n\t\t\t\t\t\t<div class=\"elementor-container elementor-column-gap-default\">\n\t\t\t\t\t<div class=\"elementor-column elementor-col-100 elementor-top-column elementor-element elementor-element-da57d0f\" data-id=\"da57d0f\" data-element_type=\"column\">\n\t\t\t<div class=\"elementor-widget-wrap elementor-element-populated\">\n\t\t\t\t\t\t<div class=\"elementor-element elementor-element-9c3371d elementor-widget elementor-widget-heading\" data-id=\"9c3371d\" data-element_type=\"widget\" data-widget_type=\"heading.default\">\n\t\t\t\t<div class=\"elementor-widget-container\">\n\t\t\t\t\t<h3 class=\"elementor-heading-title elementor-size-default\">Bonusn\u00e4tter i Sverige<\/h3>\t\t\t\t<\/div>\n\t\t\t\t<\/div>\n\t\t\t\t<div class=\"elementor-element elementor-element-2da82cd elementor-widget elementor-widget-text-editor\" data-id=\"2da82cd\" data-element_type=\"widget\" data-widget_type=\"text-editor.default\">\n\t\t\t\t<div class=\"elementor-widget-container\">\n\t\t\t\t\t\t\t\t\t<p>Du \u00e4r v\u00e4lkommen att utnyttja din intj\u00e4nade bonus p\u00e5 g\u00e4stklubbens hotell alla n\u00e4tter under veckan. S\u00e4rskilt attraktiva erbjudanden g\u00e4ller natt till l\u00f6rdag, s\u00f6ndag och m\u00e5ndag, under sommarperioden samt jul- och ny\u00e5r. Din bokning g\u00f6r du genom att kontakta hotellet direkt. En bonus\u00f6vernattning g\u00e4ller f\u00f6r tv\u00e5 personer i dubbelrum med frukost.<br \/><br \/>Du kan kontakta hotellet direkt f\u00f6r mer information och f\u00f6r hur m\u00e5nga po\u00e4ng som beh\u00f6vs f\u00f6r att bo under vardagar.<\/p>\t\t\t\t\t\t\t\t<\/div>\n\t\t\t\t<\/div>\n\t\t\t\t\t<\/div>\n\t\t<\/div>\n\t\t\t\t\t<\/div>\n\t\t<\/section>\n\t\t\t\t<section class=\"elementor-section elementor-top-section elementor-element elementor-element-db6905d elementor-section-boxed elementor-section-height-default elementor-section-height-default\" data-id=\"db6905d\" data-element_type=\"section\">\n\t\t\t\t\t\t<div class=\"elementor-container elementor-column-gap-default\">\n\t\t\t\t\t<div class=\"elementor-column elementor-col-100 elementor-top-column elementor-element elementor-element-42efa10\" data-id=\"42efa10\" data-element_type=\"column\">\n\t\t\t<div class=\"elementor-widget-wrap elementor-element-populated\">\n\t\t\t\t\t\t<div class=\"elementor-element elementor-element-63c969f elementor-widget elementor-widget-heading\" data-id=\"63c969f\" data-element_type=\"widget\" data-widget_type=\"heading.default\">\n\t\t\t\t<div class=\"elementor-widget-container\">\n\t\t\t\t\t<h3 class=\"elementor-heading-title elementor-size-default\">Hotellpaket f\u00f6r po\u00e4ng<\/h3>\t\t\t\t<\/div>\n\t\t\t\t<\/div>\n\t\t\t\t<div class=\"elementor-element elementor-element-faf36bb elementor-widget elementor-widget-text-editor\" data-id=\"faf36bb\" data-element_type=\"widget\" data-widget_type=\"text-editor.default\">\n\t\t\t\t<div class=\"elementor-widget-container\">\n\t\t\t\t\t\t\t\t\t<p>Dina insamlade po\u00e4ng kan du utnyttja till exklusiva hotellpaket.\u00a0<\/p>\t\t\t\t\t\t\t\t<\/div>\n\t\t\t\t<\/div>\n\t\t\t\t\t<\/div>\n\t\t<\/div>\n\t\t\t\t\t<\/div>\n\t\t<\/section>\n\t\t\t\t<section class=\"elementor-section elementor-top-section elementor-element elementor-element-68a3939 elementor-section-boxed elementor-section-height-default elementor-section-height-default\" data-id=\"68a3939\" data-element_type=\"section\">\n\t\t\t\t\t\t<div class=\"elementor-container elementor-column-gap-default\">\n\t\t\t\t\t<div class=\"elementor-column elementor-col-100 elementor-top-column elementor-element elementor-element-b0eaef0\" data-id=\"b0eaef0\" data-element_type=\"column\">\n\t\t\t<div class=\"elementor-widget-wrap elementor-element-populated\">\n\t\t\t\t\t\t<div class=\"elementor-element elementor-element-3ff7e7c elementor-widget elementor-widget-heading\" data-id=\"3ff7e7c\" data-element_type=\"widget\" data-widget_type=\"heading.default\">\n\t\t\t\t<div class=\"elementor-widget-container\">\n\t\t\t\t\t<h3 class=\"elementor-heading-title elementor-size-default\">Hotellpaket f\u00f6r po\u00e4ng<\/h3>\t\t\t\t<\/div>\n\t\t\t\t<\/div>\n\t\t\t\t<div class=\"elementor-element elementor-element-85345a1 elementor-widget elementor-widget-text-editor\" data-id=\"85345a1\" data-element_type=\"widget\" data-widget_type=\"text-editor.default\">\n\t\t\t\t<div class=\"elementor-widget-container\">\n\t\t\t\t\t\t\t\t\t<p>Nu kan du \u00e4ven anv\u00e4nda dina insamlade po\u00e4ng i utlandet. <a href=\"http:\/\/www.akzent.de\/\" target=\"_blank\" rel=\"noopener\">Akzent Hotels<\/a>\u00a0best\u00e5r av 91 privat\u00e4gda hotell och finns i Tyskland, Schweiz och \u00d6sterrike. Alla hotellen \u00e4r 3- eller 4-stj\u00e4rniga.<br \/><br \/>Du k\u00f6per helt enkelt en voucher f\u00f6r 20 000 po\u00e4ng som du kan anv\u00e4nda p\u00e5 Akzents hotell. Vouchern g\u00e4ller f\u00f6r boende 1 natt i dubbelrum. Gl\u00f6m inte att boka i f\u00f6rv\u00e4g och uppge att du har en voucher &#8211; telefonnummer till hotellen finner du p\u00e5\u00a0<a href=\"http:\/\/www.akzent.de\/\" target=\"_blank\" rel=\"noopener\">Akzents hemsida<\/a>.\u00a0<\/p>\t\t\t\t\t\t\t\t<\/div>\n\t\t\t\t<\/div>\n\t\t\t\t\t<\/div>\n\t\t<\/div>\n\t\t\t\t\t<\/div>\n\t\t<\/section>\n\t\t\t\t<section class=\"elementor-section elementor-top-section elementor-element elementor-element-466f062 elementor-section-boxed elementor-section-height-default elementor-section-height-default\" data-id=\"466f062\" data-element_type=\"section\">\n\t\t\t\t\t\t<div class=\"elementor-container elementor-column-gap-default\">\n\t\t\t\t\t<div class=\"elementor-column elementor-col-100 elementor-top-column elementor-element elementor-element-6c1f58b\" data-id=\"6c1f58b\" data-element_type=\"column\">\n\t\t\t<div class=\"elementor-widget-wrap elementor-element-populated\">\n\t\t\t\t\t\t<div class=\"elementor-element elementor-element-444acad elementor-widget elementor-widget-spacer\" data-id=\"444acad\" data-element_type=\"widget\" data-widget_type=\"spacer.default\">\n\t\t\t\t<div class=\"elementor-widget-container\">\n\t\t\t\t\t\t\t<div class=\"elementor-spacer\">\n\t\t\t<div class=\"elementor-spacer-inner\"><\/div>\n\t\t<\/div>\n\t\t\t\t\t\t<\/div>\n\t\t\t\t<\/div>\n\t\t\t\t\t<\/div>\n\t\t<\/div>\n\t\t\t\t\t<\/div>\n\t\t<\/section>\n\t\t\t\t<section class=\"elementor-section elementor-top-section elementor-element elementor-element-f5d4b7d elementor-section-boxed elementor-section-height-default elementor-section-height-default\" data-id=\"f5d4b7d\" data-element_type=\"section\">\n\t\t\t\t\t\t<div class=\"elementor-container elementor-column-gap-default\">\n\t\t\t\t\t<div class=\"elementor-column elementor-col-100 elementor-top-column elementor-element elementor-element-322a10a\" data-id=\"322a10a\" data-element_type=\"column\">\n\t\t\t<div class=\"elementor-widget-wrap elementor-element-populated\">\n\t\t\t\t\t\t<div class=\"elementor-element elementor-element-6679354 elementor-widget elementor-widget-text-editor\" data-id=\"6679354\" data-element_type=\"widget\" data-widget_type=\"text-editor.default\">\n\t\t\t\t<div class=\"elementor-widget-container\">\n\t\t\t\t\t\t\t\t\t<p>*Kontrollera alltid med g\u00e4stklubben eller hotellen innan f\u00f6r att se om dessa erbjudanden fortfarande g\u00e4ller. Detta \u00e4r en sida om g\u00e4stklubben ej en sida av g\u00e4stklubben.\u00a0<\/p>\t\t\t\t\t\t\t\t<\/div>\n\t\t\t\t<\/div>\n\t\t\t\t\t<\/div>\n\t\t<\/div>\n\t\t\t\t\t<\/div>\n\t\t<\/section>\n\t\t\t\t<\/div>\n\t\t","protected":false},"excerpt":{"rendered":"<p>Samla po\u00e4ng Ans\u00f6kan om medlemskap g\u00f6r du direkt hos hotellet i samband med din \u00f6vernattning. En krona = en po\u00e4ng. Du f\u00e5r po\u00e4ng p\u00e5 allt! Varje krona du betalar vid din vistelse p\u00e5 hotellet ger po\u00e4ng. F\u00f6rutom din logikostnad f\u00e5r du ocks\u00e5 po\u00e4ng p\u00e5 det du spenderar i restaurang och p\u00e5 \u00f6vriga hotelltj\u00e4nster. Dina f\u00f6rm\u00e5ner som stamg\u00e4st g\u00e4ller vid betalning av ordinarie pris (ej weekend eller specialpris). Vid konferensboende f\u00e5r du alltid 900 po\u00e4ng per natt och rum. Visa ditt kort vid incheckningen och uppge kortnummer varje g\u00e5ng du bokar rum. D\u00e5 g\u00e5r du inte miste om n\u00e5gra po\u00e4ng. Ditt medlemskort m\u00e5ste dras i hotellets kortl\u00e4sare n\u00e4r du checkar ut. Bonuspo\u00e4ngen registreras sedan p\u00e5 ditt konto 3-7 dagar efter utcheckning. N\u00e4r du n\u00e5tt upp till 20 000 po\u00e4ng p\u00e5 ett kalender\u00e5r blir du uppgraderad till Vidi-medlem. Vid 55 000 po\u00e4ng kommer du h\u00f6gst upp i trappan och blir Vici-medlem. Intj\u00e4nade po\u00e4ng \u00e4r giltiga under innevarande \u00e5r och f\u00f6ljande kalender\u00e5r, dvs de po\u00e4ng du tj\u00e4nar in under \u00e5r 2010 g\u00e4ller t o m 31 december 2011. Gl\u00f6m inte att sj\u00e4lv kontrollera n\u00e4r dina po\u00e4ng f\u00f6rfaller. Anv\u00e4nda po\u00e4ng F\u00f6r dig som reser mycket vill g\u00e4stklubben ge extra mycket bonus f\u00f6r dina po\u00e4ng! Som medlem i G\u00e4stklubben VVV har du tillg\u00e5ng till en m\u00e4ngd attraktiva m\u00f6jligheter att utnyttja dina intj\u00e4nade bonuspo\u00e4ng! Du kan t.ex. skicka blommor via skickablommordirekt eller v\u00e4lja ett g\u00e5vokort ifr\u00e5n g\u00e5vokort.net Bonusn\u00e4tter i Sverige Du \u00e4r v\u00e4lkommen att utnyttja din intj\u00e4nade bonus p\u00e5 g\u00e4stklubbens hotell alla n\u00e4tter under veckan. S\u00e4rskilt attraktiva erbjudanden g\u00e4ller natt till l\u00f6rdag, s\u00f6ndag och m\u00e5ndag, under sommarperioden samt jul- och ny\u00e5r. Din bokning g\u00f6r du genom att kontakta hotellet direkt. En bonus\u00f6vernattning g\u00e4ller f\u00f6r tv\u00e5 personer i dubbelrum med frukost. Du kan kontakta hotellet direkt f\u00f6r mer information och f\u00f6r hur m\u00e5nga po\u00e4ng som beh\u00f6vs f\u00f6r att bo under vardagar. Hotellpaket f\u00f6r po\u00e4ng Dina insamlade po\u00e4ng kan du utnyttja till exklusiva hotellpaket.\u00a0 Hotellpaket f\u00f6r po\u00e4ng Nu kan du \u00e4ven anv\u00e4nda dina insamlade po\u00e4ng i utlandet. Akzent Hotels\u00a0best\u00e5r av 91 privat\u00e4gda hotell och finns i Tyskland, Schweiz och \u00d6sterrike. Alla hotellen \u00e4r 3- eller 4-stj\u00e4rniga. Du k\u00f6per helt enkelt en voucher f\u00f6r 20 000 po\u00e4ng som du kan anv\u00e4nda p\u00e5 Akzents hotell. Vouchern g\u00e4ller f\u00f6r boende 1 natt i dubbelrum. Gl\u00f6m inte att boka i f\u00f6rv\u00e4g och uppge att du har en voucher &#8211; telefonnummer till hotellen finner du p\u00e5\u00a0Akzents hemsida.\u00a0 *Kontrollera alltid med g\u00e4stklubben eller hotellen innan f\u00f6r att se om dessa erbjudanden fortfarande g\u00e4ller. Detta \u00e4r en sida om g\u00e4stklubben ej en sida av g\u00e4stklubben.\u00a0<\/p>\n","protected":false},"author":1,"featured_media":0,"parent":0,"menu_order":0,"comment_status":"closed","ping_status":"closed","template":"","meta":{"footnotes":""},"_links":{"self":[{"href":"https:\/\/www.gastklubben.se\/index.php?rest_route=\/wp\/v2\/pages\/12"}],"collection":[{"href":"https:\/\/www.gastklubben.se\/index.php?rest_route=\/wp\/v2\/pages"}],"about":[{"href":"https:\/\/www.gastklubben.se\/index.php?rest_route=\/wp\/v2\/types\/page"}],"author":[{"embeddable":true,"href":"https:\/\/www.gastklubben.se\/index.php?rest_route=\/wp\/v2\/users\/1"}],"replies":[{"embeddable":true,"href":"https:\/\/www.gastklubben.se\/index.php?rest_route=%2Fwp%2Fv2%2Fcomments&post=12"}],"version-history":[{"count":9,"href":"https:\/\/www.gastklubben.se\/index.php?rest_route=\/wp\/v2\/pages\/12\/revisions"}],"predecessor-version":[{"id":106,"href":"https:\/\/www.gastklubben.se\/index.php?rest_route=\/wp\/v2\/pages\/12\/revisions\/106"}],"wp:attachment":[{"href":"https:\/\/www.gastklubben.se\/index.php?rest_route=%2Fwp%2Fv2%2Fmedia&parent=12"}],"curies":[{"name":"wp","href":"https:\/\/api.w.org\/{rel}","templated":true}]}}